-20).
-2
Let c(p) = 4669*p + 22504. Determine c(-5).
-841
Let i(n) = n**3 - 3*n**2 + 11*n + 1786. Determine i(0).
1786
Let h(f) = -f**3 + 33*f**2 - 280*f + 24931. Determine h(41).
3
Let y(v) = -2571*v - 1069535. Calculate y(-416).
1
Let u(z) = -8*z**3 - 96*z**2 + 369*z + 44. What is u(4)?
-528
Let y(n) = -36229*n - 507191. Give y(-14).
15
Let r(j) = 2*j**3 + 36*j**2 - 25*j - 618. Determine r(-17).
385
Let l(t) = t**3 + 398*t**2 - 2040*t - 7914. Give l(-403).
2161
Let h(g) = 2*g**3 - 190*g**2 + 2895*g - 462. Calculate h(76).
70
Let t(z) = z**3 - 1020*z**2 + 7355*z - 267420. Determine t(1013).
12
Let v(m) = -231*m + 13823. Determine v(58).
425
Let b(f) = f**2 + 7785*f - 250088. Calculate b(32).
56
Let f(m) = 1512*m + 1840. Give f(-1).
328
Let m(r) = 297*r - 11716. What is m(39)?
-133
Let j(l) = 13790*l - 68956. Calculate j(5).
-6
Let b(c) = -c**3 + 84*c**2 - 669*c + 1. Give b(9).
55
Let x(c) = -c**3 + 637*c**2 - 631*c - 3301. Determine x(636).
-121
Let u(j) = -10494*j + 377787. Give u(36).
3
Let x(l) = l**3 + 314*l**2 - 1265*l + 2247. Calculate x(-318).
21
Let v(u) = -u**2 - 274*u + 2577. Calculate v(9).
30
Let f(v) = -11*v**2 + 384*v - 3029. Determine f(9).
-464
Let m(w) = -59*w + 7617. Give m(130).
-53
Let j(u) = -10*u**2 - 4642*u - 937. What is j(-464)?
-9
Let a(j) = -j**3 - 47*j**2 - 88*j - 6534. Calculate a(-48).
-6
Let w(y) = -y**3 + 1486*y**2 - 13248*y - 404. Calculate w(9).
1
Let b(j) = 60*j**2 - 683*j - 444. Calculate b(12).
0
Let u(h) = h**3 + 142*h**2 - 1304*h - 53. Give u(9).
442
Let x(m) = 38*m**2 - 432*m - 983. Give x(13).
-177
Let o(l) = 6*l**3 - 1554*l**2 + 93*l - 24072. Calculate o(259).
15
Let m(n) = -269*n + 47353. Determine m(170).
1623
Let t(v) = -15417*v - 370013. Give t(-24).
-5
Let p(l) = 2*l**2 - 651*l + 43641. Determine p(231).
-18
Let m(g) = 37425*g - 1496931. Determine m(40).
69
Let i(x) = x**2 - 76*x + 788. Determine i(14).
-80
Let w(u) = 6*u**3 - 364*u**2 + 912*u + 235. What is w(58)?
-693
Let n(j) = 49*j - 3443. Determine n(-36).
-5207
Let s(i) = -2743*i**3 + 16*i**2 - 6*i - 7. Give s(-1).
2758
Let x(k) = -2*k**2 - 10820*k - 119288. Determine x(-11).
-510
Let k(l) = 80*l + 2513. Determine k(-34).
-207
Let r(q) = -4658*q + 14078. Calculate r(3).
104
Let s(h) = -3267*h + 134129. Calculate s(41).
182
Let c(m) = -m**3 + 77*m**2 - 1378*m. What is c(48)?
672
Let f(a) = -2*a**2 + 37*a + 3796. What is f(-44)?
-1704
Let r(o) = -140*o**3 - 420*o**2 + 277*o + 821. Calculate r(-3).
-10
Let i(j) = -138*j - 14095. Determine i(-102).
-19
Let m(t) = 1933*t - 10391. Give m(5).
-726
Let g(u) = 3049*u**2 - 42669*u - 71. Determine g(14).
167
Let k(y) = -2*y**2 - 440*y + 7061. Determine k(15).
11
Let y(d) = 689*d**2 + 1404*d + 70. Determine y(-2).
18
Let l(m) = 2*m**3 - 179*m**2 + 37*m + 3081. What is l(89)?
-1547
Let x(m) = -10*m**2 + 815*m - 3755. Give x(5).
70
Let p(m) = -4191*m + 71073. Determine p(17).
-174
Let t(r) = -2*r**2 - 811*r + 982850. Determine t(527).
-5
Let x(z) = 931*z - 355729. Give x(382).
-87
Let u(z) = -35*z**3 + 270*z**2 + 88*z - 56. Calculate u(8).
8
Let i(s) = -686*s + 16004. Determine i(20).
2284
Let r(f) = -2*f**2 - 2784*f - 68351. Give r(-25).
-1
Let u(v) = -542*v + 208681. Determine u(385).
11
Let v(r) = -r**3 - 10*r**2 + 381*r + 3173. What is v(-8)?
-3
Let w(a) = 122*a**2 - 1791*a + 2664. Calculate w(13).
-1
Let l(w) = w**3 - 9*w**2 - 3550*w + 1623. Determine l(64).
-297
Let c(m) = 217*m**2 - 134*m - 679. Calculate c(-5).
5416
Let s(p) = -388*p - 58643. Calculate s(-166).
5765
Let g(i) = -88*i**2 - 1347*i - 4640. Give g(-10).
30
Let k(s) = 9*s**3 + 377*s**2 - 97*s - 2302. Give k(-42).
8
Let s(t) = 66*t**2 - 1440*t + 3529. Give s(19).
-5
Let f(m) = m**3 + 71*m**2 + 4*m - 114. Determine f(-71).
-398
Let s(l) = -101591*l + 1422284. Give s(14).
10
Let v(k) = 1472*k - 7526. Determine v(5).
-166
Let k(i) = -i**3 + 38*i**2 - 158*i - 6. What is k(5)?
29
Let h(o) = -5*o**3 - 13*o**2 - 19*o - 108. Give h(0).
-108
Let p(d) = -3*d**2 - 286*d + 1066. Calculate p(4).
-126
Let u(i) = -i**3 - 45*i**2 - 43*i + 189. Calculate u(-43).
-1660
Let h(b) = 16*b**3 - 494*b**2 - 64*b + 156. What is h(31)?
94
Let v(b) = 778*b + 13087. Calculate v(-14).
2195
Let q(g) = -g**3 + 27*g**2 - 6*g + 159. Determine q(27).
-3
Let d(j) = -36*j**2 - 2628*j - 2598. Determine d(-72).
-6
Let a(y) = 1375*y - 13707. Determine a(10).
43
Let v(u) = 561*u - 112801. What is v(201)?
-40
Let t(o) = -1316*o - 172398. Determine t(-131).
-2
Let b(v) = -5*v**3 - 176*v**2 - 688*v + 5. Calculate b(-4).
261
Let m(b) = 17*b**2 - 87*b - 4001. Give m(-13).
3
Let c(n) = -n**3 - 41*n**2 - 92*n - 2068. Calculate c(-40).
12
Let i(k) = 2515*k - 45284. Calculate i(18).
-14
Let r(f) = -f**2 + 5418*f - 353267. Determine r(66).
-35
Let d(w) = -w**3 + 202*w**2 - 9354*w - 433. Calculate d(130).
347
Let a(b) = -b**3 - 49*b**2 - 516*b + 2131. Calculate a(-26).
-1
Let k(n) = 805*n - 7292. Determine k(9).
-47
Let i(m) = -m**3 + 18*m**2 - 2521*m + 24414. Determine i(10).
4
Let g(m) = -22995*m - 4874937. What is g(-212)?
3
Let l(r) = -r**3 + 83*r**2 - 467*r + 11886. Determine l(79).
-43
Let c(w) = -94*w**2 + 2815*w - 18695. Calculate c(20).
5
Let h(x) = -x**3 + 144*x**2 + 630*x - 110489. Give h(143).
50
Let q(w) = -3*w**3 - 6*w**2 - 3344*w - 13465. Calculate q(-4).
7
Let j(b) = -65*b**3 - 270*b**2 + 361*b - 92. Determine j(1).
-66
Let w(s) = 1671*s - 257229. Calculate w(154).
105
Let h(q) = -q**3 + 215*q**2 + 2898*q + 184336. Determine h(231).
-2
Let o(f) = 9164*f - 5324306. Calculate o(581).
-22
Let l(x) = -37*x**2 - 192*x + 1041. Calculate l(-8).
209
Let h(l) = -38046*l + 2929547. Calculate h(77).
5
Let h(b) = -858211*b - 15447806. Determine h(-18).
-8
Let h(p) = 533*p - 1498. What is h(7)?
2233
Let t(o) = 54090*o - 4814008. Determine t(89).
2
Let u(f) = -f**3 + 280*f**2 + 29*f - 7794. Calculate u(280).
326
Let i(s) = -9835*s - 826139. Determine i(-84).
1
Let a(m) = -m**3 - 244*m**2 - 621*m - 280. Determine a(-2).
-6
Let p(a) = 7202*a - 21596. Calculate p(3).
10
Let v(c) = c**3 - 14*c**2 - 1123*c + 13783. What is v(12)?
19
Let s(b) = -3*b**3 + 198*b**2 + 628*b - 453. What is s(69)?
30
Let z(m) = 2*m**3 - 30*m**2 - 164*m + 2097. Determine z(16).
-15
Let h(g) = 3064*g - 113362. Determine h(37).
6
Let g(z) = 2804342*z - 16826054. Give g(6).
-2
Let p(t) = 15785*t + 31017. Determine p(-2).
-553
Let d(v) = v**3 - 32*v**2 + 21*v + 270. Give d(25).
-3580
Let u(w) = w**3 + 54*w**2 - 158*w - 6052. Determine u(-55).
-387
Let r(l) = 70507*l + 916588. Determine r(-13).
-3
Let h(t) = -4209*t - 138167. Determine h(-33).
730
Let x(l) = -13*l**3 + 42*l**2 + 7*l - 46. What is x(3)?
2
Let t(y) = -5*y**2 + 115*y + 4329. What is t(42)?
339
Let o(h) = -5*h**2 + 933*h - 13730. Determine o(16).
-82
Let t(d) = 3*d**3 - 143*d**2 - 1531*d + 18. What is t(-9)?
27
Let a(b) = 8*b**2 + 726*b + 452. What is a(-90)?
-88
Let d(m) = 3527*m - 7125. Calculate d(2).
-71
Let j(t) = -1373*t - 12836. Calculate j(-4).
-7344
Let q(p) = -2*p**3 + 59*p**2 - 1884*p + 57430. Determine q(30).
10
Let h(c) = -3*c**2 - 7725*c - 452717. Give h(-60).
-17
Let s(c) = 5*c**3 - 10*c**2 + 43*c - 69. Determine s(3).
105
Let h(t) = 2*t**3 - 207*t**2 + 136*t - 3523. Determine h(103).
-124
Let q(v) = v**3 + 162*v**2 - 236*v + 14836. Give q(-164).
-252
Let i(t) = -3*t**3 - 2*t**2 + 7750*t - 15500. Give i(2).
-32
Let y(p) = 78*p**3 + 778*p**2 + 34*p + 539. Calculate y(-10).
-1
Let n(a) = 87*a - 8928. Calculate n(106).
294
Let y(m) = 14*m**2 - 1589*m - 45067. Give y(137).
6
Let d(s) = 356*s - 4231. Give d(20).
2889
Let w(l) = 29655*l + 29652. What is w(-1)?
-3
Let k(w) = -2586*w - 504. Determine k(0).
-504
Let x(h) = -721*h - 76718. Calculate x(-110).
2592
Let r(f) = -4*f**3 - 5*f**2 + 83*f - 178. Give r(-6).
8
Let u(k) = 766*k - 17590. Calculate u(23).
28
Let q(g) = 6*g**2 + 60*g - 826. What is q(15)?
1424
Let p(g) = 4*g**2 - 16144*g + 144976. Determine p(9).
4
Let r(y) = -2*y**3 + 111*y**2 - 1067*y + 45. Give r(45).
-5445
Let r(b) = -b**2 - 504*b + 14929. Give r(28).
33
Let m(w) = -9569*w + 459360. Determine m(48).
48
Let r(q) = -q**2 + 49*q + 2142. Give r(77).
-14
Let m(k) = 35146*k + 35296. Determine m(-1).
150
Let m(h) = 281*h**2 + 1474*h - 4424. Determine m(3).
2527
Let t(n) = 824*n - 87506. Determine t(106).
-162
Let w(d) = 28*d**2 